1 + 153. List the prime factors of j.
2, 7
Let q(i) be the second derivative of 0 - 1/12*i**4 + i**3 - 2*i + 5/2*i**2. What are the prime factors of q(5)?
2, 5
Let f(g) = g + 12. Let z be f(-11). Let r(a) = 19*a**3 - 2*a**2 + 1. What are the prime factors of r(z)?
2, 3
Let h = 346 - 190. List the prime factors of h.
2, 3, 13
Let k = -4 + 7. Suppose k*f + j = -26 + 279, 3*j = -6. Suppose -2*y = -7*y + f. What are the prime factors of y?
17
Let n(f) = -f**3 + 9*f**2 + 10*f - 17. What are the prime factors of n(9)?
73
Suppose -3*x + b + 22 = 0, 0 = 4*x + 2*b - 37 + 11. Suppose 3*z - 119 - x = 0. List the prime factors of z.
2, 3, 7
Suppose -19*v = -13*v - 2454. List the prime factors of v.
409
Suppose -2*w = -4, p - 133 = 2*p - w. Let u = -77 - p. List the prime factors of u.
2, 3
Let v = 22 - 62. Let p = 86 + v. List the prime factors of p.
2, 23
Let j = 0 - -4. What are the prime factors of 41/j - (-3)/(-12)?
2, 5
Let p(c) = c**3 - 6*c**2 + c - 4. Suppose -v + 2*d = 4*d + 5, 5*v - 5 = 5*d. Let a be 1 - (v + -1 - 3). List the prime factors of p(a).
2
Let d(u) = 6*u**2 + u + 1. Let h be d(-1). Suppose 2*s + 0 - h = 0. Suppose s*q = -2*q + 55. What are the prime factors of q?
11
Let b(v) = -7 - 4*v + 3*v + 3*v. What are the prime factors of b(7)?
7
Suppose -x - 29 = -u + 4*x, 0 = 5*u + 3*x - 5. Suppose u = 3*h - 2. Suppose 2 = h*d, 4*c - 6*d + d = 15. What are the prime factors of c?
5
Let h(t) = t**3 + 6*t**2 - 7*t - 4. Let f be h(-7). What are the prime factors of (14/f)/((-8)/48)?
3, 7
Let u(x) = 4*x**2 - 5*x + 6. Let g(o) = -2*o - 1. Let b be g(-2). Let j(p) = p**2 + p. Let r(v) = b*j(v) - u(v). What are the prime factors of r(6)?
2, 3
Let c(z) be the first derivative of z**4/4 - 10*z**3/3 + 5*z**2 - 7*z + 5. What are the prime factors of c(9)?
2
Let p(z) = -z**3 + 6*z**2 + 8*z - 4. Let b be p(7). Let m(v) = -2 - 2*v**2 + 4 + 2*v - 7*v**b + 5*v**3. What are the prime factors of m(-2)?
2, 3
Let l be (54/21)/(2/14). What are the prime factors of (l/5)/((-8)/(-20))?
3
Let j = -1 + 0. What are the prime factors of 102/(-12)*2*j?
17
Let m(g) be the second derivative of g**3 + g. Let q be m(2). Suppose -2*i + 0*b = -5*b + 3, -3*i + 2*b = -q. List the prime factors of i.
2, 3
Let k = 17 + -17. Suppose b - 10 = -k*b. List the prime factors of b.
2, 5
Let b = 16 + -11. Suppose -m - b + 8 = 0. List the prime factors of m.
3
Let l be (2 - 11)*(-1)/3. Let h(g) = 1 + 0*g + l*g + 0*g. What are the prime factors of h(1)?
2
Suppose -5 = -4*n + 15. Suppose n*c + 4*f - 76 = 0, 2*c + f - 40 = -c. Suppose -k = 2*k - c. What are the prime factors of k?
2
Suppose 2*r = 6 + 40. Let w = -10 + r. List the prime factors of w.
13
Suppose 6*g = 8*g - 64. What are the prime factors of g?
2
Let f(z) = 18*z - 29. What are the prime factors of f(12)?
11, 17
Suppose -5*t - 5*c + 3*c = -7, 0 = t - 5*c - 23. Suppose 0 = -2*y + t*v - 1 + 18, 2*y - v - 7 = 0. What are the prime factors of -2 - y - (-28)/2?
11
Suppose -u - 2 = 5*j - 13, -u - 9 = -5*j. Suppose 6*f - 72 = j*f. What are the prime factors of f?
2, 3
Let x = 7 + 27. What are the prime factors of x?
2, 17
Let d = -55 + 102. What are the prime factors of d?
47
Let j = 7 + 1. Suppose -2*h - 17 = -5*x - 6, 2*x + h - j = 0. What are the prime factors of -3*(-1 - 4/x)?
7
Suppose -3*r + 119 = 9*f - 8*f, 4*f - 512 = -3*r. What are the prime factors of f?
131
Suppose -5*r + p + 57 = 0, 3*p - 8 = -r - 3. Suppose -2*w = -9 - r. What are the prime factors of w?
2, 5
Suppose -2*x + 0 = -52. What are the prime factors of (x/6)/((-4)/(-12))?
13
Let z = 0 - 0. Suppose 5*i - 4*q = -q + 12, z = -2*q - 8. Suppose i = -4*t - 0*m - 5*m + 24, 51 = 5*t + m. What are the prime factors of t?
11
Suppose 6 = 2*k, 70 = 3*n + 4*k - 11. What are the prime factors of n?
23
Let g(f) = -9*f - 11. Let o(h) = 8*h + 12. Let k(j) = 5*g(j) + 6*o(j). What are the prime factors of k(8)?
41
Suppose -3*f - 3 = -4*f. Suppose -y - f*y = -16. Suppose 50 = m + y*m. What are the prime factors of m?
2, 5
Suppose -2*m = -3*m + 1. Let f be (-3 - 32)/(-1*m). Suppose -6*y = -y - f. List the prime factors of y.
7
Suppose -44 = -4*x - 0*x. List the prime factors of x.
11
Let i = -418 - -616. List the prime factors of i.
2, 3, 11
Suppose -4*g - 16 = 5*q, 0*q + 5*q = 4*g - 24. Let t be q/12 - 16/(-3). Suppose -t*j + 85 = -0*j. List the prime factors of j.
17
Let g be (4 + -1)*(-78)/(-9). Let r = -18 + g. List the prime factors of r.
2
Let b(z) = z**2 - z + 5. List the prime factors of b(4).
17
Suppose g = -p + 20, -4*g - 30 - 34 = -4*p. List the prime factors of p.
2, 3
Let t(q) = -2*q**3 - 5*q**2 + 5*q - 6. What are the prime factors of t(-5)?
2, 47
List the prime factors of (-10)/(-3)*(-18)/(-10).
2, 3
Let t be 0*3*(-2)/(-12). Suppose t = -2*j + 5*j - 30. What are the prime factors of j?
2, 5
Let z(q) = q**2 - 4*q. Let h = -6 + 11. Let m be z(h). Suppose 3*f - 33 = c, m = 3*c + 14. List the prime factors of f.
2, 5
Let m be -2*((-2)/(-4) + -2). Let v(o) = -4 - 6*o + 2*o + m*o. What are the prime factors of v(-10)?
2, 3
Suppose 8 - 1 = -c. Let o = 22 + c. List the prime factors of o.
3, 5
Let q(u) = u**2 + u - 5. Let b be q(-4). Let a(h) = h**3 - 7*h**2 + 3. Let w be a(b). What are the prime factors of w/2*(-100)/(-15)?
2, 5
Suppose 0 = 45*x - 49*x + 164. What are the prime factors of x?
41
Suppose 0 = g - 5, 2*p + 4*g = -2*p + 420. List the prime factors of p.
2, 5
What are the prime factors of ((-36)/(-3))/(-3) - -19?
3, 5
Let t(v) = v**3 + 16*v**2 - 7*v - 1. What are the prime factors of t(-16)?
3, 37
Let t(c) = 21*c - 1. Let b be t(2). Suppose -2*i + b = 11. List the prime factors of i.
3, 5
Suppose y + 304 = 5*d - y, 0 = 4*y + 8. Let g be (d/18)/(1/6). Suppose 4*b - g = 2*b. List the prime factors of b.
2, 5
Suppose 3*z - 1 = -4. Let n be (-61)/(-7) + 4/14. Let c = n + z. What are the prime factors of c?
2
Let z(j) = -j**3 + 4*j**2 + 7*j - 4. Let m be z(5). Suppose -40 = -2*w - m. Suppose 4*a - w + 5 = 0. What are the prime factors of a?
3
Let h be -1 - (-18 - 12/4). Let p = h + 7. What are the prime factors of p?
3
Let w(l) = 2*l**3 + 9*l**2 - 4*l + 15. Let v(f) = -f**3 + f - 1. Let h(s) = 3*v(s) + w(s). Let a be h(9). Let z(p) = p - 1. What are the prime factors of z(a)?
2
Suppose 15 = -3*n - 4*h - 5, -10 = 2*n + h. Let x be 27*(0 + n/(-6)). Suppose -4*g - k + 33 = 0, 4*g = -5*k + 19 + x. What are the prime factors of g?
2
Let b be ((-32)/(-12))/(4/6). Suppose -63 = -b*f - 5*n, 4*f - 3*n = -4*n + 51. Suppose -2*u + f = -0*u. List the prime factors of u.
2, 3
Suppose 3*c = -2*s + 5*s - 9, -s - c = -7. Suppose s*o - 2*o = 36. List the prime factors of ((-33)/o + 2)*-16.
2, 3
Let m = 21 - -10. What are the prime factors of m?
31
Let f = -126 + 161. What are the prime factors of f?
5, 7
Let w(p) = -p + 1. Let b(v) = 4*v**3 - 3*v**2 + 8*v - 8. Let a(o) = b(o) + 6*w(o). What are the prime factors of a(2)?
2, 11
Let g = -1 - -6. Suppose -j + g*j + 16 = 0, -4*q + 3*j + 44 = 0. Let w = 15 - q. What are the prime factors of w?
7
Let n be (81/(-6) - -2)*-2. Suppose -4*z + a - n = -7*z, 0 = -2*z + 3*a - 3. List the prime factors of z.
2, 3
Let v = 8 - 1. Suppose o - v + 4 = 0. Suppose -g + o*r - 4 = -0*r, 0 = 2*r - 8. List the prime factors of g.
2
Let m = -19 + 45. List the prime factors of m.
2, 13
Let j(s) = s**3 - 2*s**2 + s - 5. Let b(w) = w**2 - 4*w - 17. Let z be b(7). What are the prime factors of j(z)?
31
List the prime factors of (-50)/(-6)*36/6.
2, 5
Let g = -7 - 4. Let y = -6 - g. Suppose -y*u + 54 = -6. What are the prime factors of u?
2, 3
Let b(g) = g + 12. Let q be b(-12). Let j be (-20)/(-6)*6/4. Suppose -5*l - 4*m = -16, q*l + 4*l + j*m = 11. What are the prime factors of l?
2
Let g(x) = -11*x + 11. List the prime factors of g(-6).
7, 11
Let b(v) = v**2 + 13*v + 14. Let x be b(-12). Let z(u) = u**2 - u + 4. Let w be z(3). Suppose -x*g = -g - w. List the prime factors of g.
2, 5
Suppose -c + 1 = -2*c. List the prime factors of c*-15*1/1.
3, 5
Let k be ((-2)/(-4))/((-2)/(-28)). Let r = k + -4. List the prime factors of r.
3
Let i(l) = -l + 6. Let d be i(6). Suppose d*u - 12 = -3*u. What are the prime factors of u?
2
Let r(o) = 2*o + 1. What are the prime factors of r(18)?
37
Suppose -4*o + 27 = -o. Suppose -2*l - 81 = -5*i, 3*l = i - l - o. What are the pri